 (-7 - (-2 + -17 + 33)) + (1 - 1).
-21
Evaluate (-31 - (-12 - 2) - -21) + 3 + 41.
48
Calculate -46 + 17 + (-100 - -17 - 0).
-112
What is the value of -42 + (32 - 9) - (-3 + 18)?
-34
What is the value of 7 - -14 - (-14 + -37 + 34)?
38
Evaluate 16 + (-115 - -124) - (66 - 0).
-41
Evaluate -10 + 7 - (-12 + 12 - (6 - 6)).
-3
What is the value of (41 - -5) + -49 + 11?
8
-2 - 0 - 57 - (1 - -1) - (1064 + -1074)
-51
Evaluate -4 + 13 + 0 - (92 - 109).
26
Evaluate 15 + -30 + (9 + 4 - -45 - -5).
48
Evaluate -64 + (53 - 58) + 4 + 11 - -5.
-49
-60 - (-109 - -50) - (-28 - (4 - 3))
28
What is -13 + (-2 - 11) + -3 + 6 + -16?
-39
Calculate 6 + -10 + 23 + -4 + (-29 - -28).
14
Evaluate -39 + 59 - (-6 - -30) - (-5 - -16).
-15
0 - -24 - ((-27 - 25) + (1 - -64))
11
Calculate -25 - (-137 - -121) - (-4 + -144).
139
What is -13 + -4 + (7 - (-189 - -100))?
79
What is the value of 1211 + -1298 - (-13 + 0 + 1 - (-2 + 1))?
-76
What is the value of -25 - (-3 + -34 + 49 + -32)?
-5
What is the value of 460 + -483 + 6 + 32?
15
Evaluate 4 - (17 - 6 - -5).
-12
What is the value of 6 + -1 + -7 + -25 + -22?
-49
Evaluate (150 - 74 - 125) + 98.
49
What is the value of 12 + (-102 + 49 - 2)?
-43
Calculate 35 - (22 + 0) - 2 - (1 - -4).
6
What is ((-2 - -66) + -92 + 109 - -2) + -15?
68
What is the value of -17 - (30 + -6 - 60) - 33?
-14
What is the value of -51 + (59 - 10) - -6?
4
What is the value of (-27 - (-96 + 80)) + (1 - 3)?
-13
14 - -61 - 41 - (-25 + -41)
100
Calculate 3 + 19 + -42 + (55 - 110).
-75
What is the value of 15 + (-4 + -12 - -10) - 8 - -30?
31
Evaluate 0 + -5 + 4 + 9 + -93 + 27 + 42.
-16
Calculate -1 + -12 + -20 + 9 + 19.
-5
(3 - (21 - -4)) + -757 + 714
-65
Calculate -16 + 27 + (-1 + -4 - 2) - (-16 - -1).
19
(-154 - -140) + (34 + -7 - 4) + -6
3
Evaluate 12 - (-68 + 72 - (1 + 7) - -114).
-98
What is the value of 265 + -281 + (-9 - 24 - (3 - -4))?
-56
3 + -6 + 5 + 5 + 3 - (83 - -3)
-76
Calculate (7 - (1 + 21)) + 5 + -3 + 15.
2
Evaluate -173 - -244 - (19 - (-39 + 20)).
33
Calculate 1011 + -985 + -4 + 71.
93
What is 2 - (-11 - (5 - (-27 - -21 - (4 + 2))))?
30
Calculate -39 + (-768 - -757 - (-2 - (21 + -3))).
-30
100 - 0 - (565 - 356)
-109
What is the value of (79 - (3 + -64)) + -66?
74
What is (59 - (25 + 22)) + 36?
48
What is 55 + 3 + -30 + -35 + (0 - 20)?
-27
-18 + 17 + (-26 - 5 - -11)
-21
Calculate 0 + 1 + -6387 + 6345.
-41
What is -12 + (108 + (9 - (-16 - -27)) - 7)?
87
Evaluate -30 + (4 - 83 - (10 + -37)).
-82
What is the value of -22 + -49 + (58 - 51)?
-64
What is the value of -23 + (0 - -23) - 8?
-8
7 - (-3 + 41) - (365 - 336)
-60
What is the value of 42 + (-3 - -2 - (55 + -34))?
20
What is the value of (5 - (0 + 8 - (-22 + 19))) + -36?
-42
-50 + (-50 - -67 - -48)
15
1 + -47 - (-5986 - -6056)
-116
(555 - 658) + -9 + 154
42
Evaluate (-1 - (11 + 2)) + (-73 - (24 + -73)) + -3.
-41
What is 0 + (3 - 0) - (-5 - -61 - -49)?
-102
48 + 14 + (-11 - 109)
-58
Calculate 48 + 1 + (-1536 - -1535) - 68.
-20
What is (-65 - -79) + -56 + -22 + 5 + -2?
-61
Calculate 79 - (-24 - (-19 - 27)).
57
Evaluate 4575 + -4475 + -143 + 2.
-41
Calculate 5 - (-5 - -19 - -11 - (-7 + -2)).
-29
Calculate -8 - (1 + -25 + 15 + -105 + 2 + -1).
105
Evaluate 2968 + -2996 + (0 + 0 - 51).
-79
-2 + -5 + (128 - (-2 - (-5 - 8))) + -13
97
Evaluate (37 - 2) + 117 + -174 + 72.
50
Calculate 82 + (111 - 194) - (16 - -1).
-18
What is (820 - 723) + -6 + -4 + -4 + 14?
97
Calculate (-8 - (-3 - 5)) + 8 - (-39 - -28).
19
Evaluate -3 - -84 - (73 - -22 - 72).
58
What is the value of 27 + (11 - 10) + -7 + -2 + 1?
20
What is -42 + 58 + 19 + -14?
21
What is 1 + (29 + -3 - (-17 - -25) - 41)?
-22
Calculate -6 - -48 - (425 - 411).
28
Evaluate (17 - (-25 + 42 + 26)) + 33.
7
What is -24 + (-7 - (-40 + (8 - -18)))?
-17
What is 3 - 34 - (-61 + 65 + (3 - 0))?
-38
-68 + (24 - -67) - 22
1
51 + -256 + 159 - (-22 - 0)
-24
What is the value of ((18 - -4) + 6 - 11 - 9) + -4 + -64?
-60
Evaluate -220 + 237 - (1 - ((-5 - 0) + -32)).
-21
Evaluate (0 - (-1 + 2)) + 8 - (113 + -114) - -81.
89
Calculate (-1 + 6 + -16 - (-27 + -3)) + -11 + -5.
3
Evaluate 21 - -51 - ((-12 - (13 - 38)) + 2).
57
-25 + 1 + 3 + (-8 - 12)
-41
Evaluate -9 + -28 - (-137 - -131).
-31
What is -19 + -1 + (22 - 0 - (1994 + -1983))?
-9
Evaluate -2507 - -2519 - (0 + -1 - (1 - 3)).
11
What is the value of -180 + 195 - (15 + 5)?
-5
Evaluate 1 + -6 - (-11 - (-5 + 4) - (37 + -65)).
-23
Calculate -106 + 39 + 52 + (2 + 42 - -1).
30
What is (3 - -5 - (10 - 3)) + 28 - 13?
16
What is -21 - (-75 + 38) - (79 + -4)?
-59
What is the value of -1203 + 1210 + (-1 - (-5 - -3 - (58 + 4)))?
70
What is the value of (133 - (-39 + 259)) + 203?
116
What is the value of 10 + 205 + (12 - 118)?
109
Evaluate 18 + -101 + -1 + -22 + (64 - 49).
-91
What is the value of 39 - 1 - 3 - (278 + -285)?
42
Calculate -108 + (13 - 22) + 6 + (-6 - -5 - -2).
-110
What is 143 + -211 + (1 - -9) + (-24 - -4)?
-78
Calculate -14 + 3 - ((-8 - 6 - -3) + -28).
28
What is 12 + -2 + 64 + 15 + -64 + 0 + -86?
-61
What is the value of 10 - (-2 + 51 + -62)?
23
Evaluate 3 + 4 + -1 + (-79 - -29).
-44
Calculate (7 + 21 - -31) + -35.
24
(55 - 1) + (-37 + 49 + 20 + -1 - 24)
61
What is the value of -16 - -3 - (209 + -254) - 28?
4
Calculate 2039 - 2125 - ((1 - -1) + 3).
-91
Calculate (57 - 0) + -321 + 94 + 272.
102
Evaluate (-56 - (-50 + 32) - (-1 + 13)) + 4.
-46
(121 - -1) + -121 + 139 + -22
118
What is -1 + 14 + 26 + 14 + -14 + 7?
46
What is 11 + ((22 - 172) + 32 - (-6 + -10))?
-91
Calculate (7 - (-8 + 20 + 4)) + (0 - 0) - -59.
50
Evaluate -5 - -58 - ((6 - 7 - -11) + 2).
41
Evaluate -44 - ((-26 - 14) + -6 + -125).
127
4 + -11 - 12 - (-9 + -22)
12
Calculate -59 + 50 + 6 + 8 + -33.
-28
(-27 - 33) + 63 - (-1 + 15)
-11
What is the value of 0 - (1 - 2) - (-18 + 70 + -37 - -21)?
-35
Calculate -13 + -14 + (45 - -46 - -23).
87
What is 3 + -5 - (-12 + -9 - 7)?
26
Calculate 10 - (-13 + (108 - -2 - (-8 + -4 + 1))).
-98
Evaluate 23 + -1 + (-14 + 10 - 10).
8
Evaluate 0 - (-85 - (12 + (0 - 2) + (86 - 103))).
78
Calculate (2 - 20 - 3) + (36 - 93).
-78
Calculate (-39 - -34) + (26 - 1) + (6 - 3).
23
What is the value of 8 - (2 + 3 + -2) - (-4 + -29 + 53)?
-15
Evaluate -10 + (-2 - (6 + -6)) + (-3 - -13) + 84.
82
What is (3 - -11) + 112 + -123 - 11 - (0 - -51)?
-59
-4 - -3 - (-123 - -128) - (-22 + -1)
17
Calculate 0 - (-4 - -58) - (-43 - 7 - -46).
-50
What is -26 + (-28 - -50) + (-4 - 2)?
-10
(65 - 37) + 34 + -22
40
Evaluate (67 - 21) + -54 + -22.
-30
Calculate -25 - (-77 + 45) - 51.
-44
What is the value of 45 - (-51 - -25 - -9) - (6 - 3)?
59
Evaluate 6 + (-9 - (21 + -18)) - (2 + -73).
65
What is 19 + (-31 + 47 - -36)?
71
-70 + 22 + 57 + (-31 - (5 - (-6 + 5)))
-28
What is the value of 167 + 1 + (13 + -77 + 36 - -17) + -8?
149
Evaluate -9 + 40 + -11 - (-86 - -106).
0
What is -96 - (5 - (-2 + -13) - (23 - (30 + -13)))?
-110
What is 10 + (-5 - (4 + 1 + -5)) + -4 + 6?
7
What is the value of -6 + 62 + 74 + -41 + -6?
83
Evaluate (13 - 108) + 41 - ((1 - -1) + -3 + 2).
-55
What is the value of (4 - -1) + (23 - 20 - (6 - 26 - -34))?
-6
-29 - -3 - (29 - 37) - 4
-22
Calculate -2612 - -2631 - (24 - (1 - 1)).
-5
-164 + (99 - -74) - (0 + -16)
25
What is the value of 111 + (12 - 161) + 24?
-14
Evaluate 1 - 76 - (-68 + -55).
48
What is 0 + 3 - (-6 + 0) - (-21 - (-95 + 18))?
-47
What is the value of (55 - 6) + (140 - 174) - (1 + 110)?
-96
What is the value of -15 + -4 + 4 + 6 - (804 - 813)?
0
-3 + -5 + (0 - 23 - -8)
-23
What is the value of (-68 - (8 + -163)) + -32?
55
What is 212 + -111 + -204 + 22?
-81
Evaluate -5 + (39 - (39 - 17)) + 16.
28
Evaluate 1 - (14 - 14 - -11 - (11 + -37)).
-36
Evaluate 0 + -1 + -5 + 38 + -21 + 17.
28
-69 + (-33 - (-193 + 104))
-13
Evaluate (-2 - 73) + 71 + -124 + 8 + 6.
-114
What is 29 + -6 - 19 - (-1 + -24 - -1)?
28
Calculate -1921 + 2040 - (45 - 8).
82
Evaluate 0 - -2 - (354 + -362).
10
What is the value of (0 - 2 - -2 - 5) + (-9801 - -9818)?
12
Evaluate 3 - (-2 - -7) - (-6 - -2).
2
Evaluate -15 - 0 - ((-22 - -1) + 683 + -747).
70
Evaluate (-1 - -61) + -37 - 29 - (-19 - 2).
15
Calculate 58 - (91 + -37) - (-28 - -8).
24
Evaluate 51 - (22 - -14 - -12).
3
What is the value of 58 + (-41 + -7 - -46)?
56
Evaluate -10 + (17 - 3) + (-8 - 4) + 5.
-3
375 + -370 + (-4 - -2 - (-5 + -3 + -2))
13
Calculate 7 + (-5 + 4 + 13 - 3).
16
What is the value o